{"id":388,"date":"2024-07-25T17:47:02","date_gmt":"2024-07-25T15:47:02","guid":{"rendered":"https:\/\/oposwim.es\/?page_id=388"},"modified":"2024-12-04T15:01:57","modified_gmt":"2024-12-04T14:01:57","slug":"reembolsos_devoluciones","status":"publish","type":"page","link":"https:\/\/oposwim.es\/index.php\/reembolsos_devoluciones\/","title":{"rendered":"Pol\u00edtica de env\u00edos y devoluciones"},"content":{"rendered":"\t\t<div data-elementor-type=\"wp-page\" data-elementor-id=\"388\" class=\"elementor elementor-388\" data-elementor-post-type=\"page\">\n\t\t\t\t\t\t<section class=\"elementor-section elementor-top-section elementor-element elementor-element-8acf430 elementor-section-boxed elementor-section-height-default elementor-section-height-default\" data-id=\"8acf430\" data-element_type=\"section\" data-settings=\"{&quot;background_background&quot;:&quot;classic&quot;,&quot;shape_divider_bottom&quot;:&quot;wave-brush&quot;}\">\n\t\t\t\t\t\t\t<div class=\"elementor-background-overlay\"><\/div>\n\t\t\t\t\t\t<div class=\"elementor-shape elementor-shape-bottom\" aria-hidden=\"true\" data-negative=\"false\">\n\t\t\t<svg xmlns=\"http:\/\/www.w3.org\/2000\/svg\" viewBox=\"0 0 283.5 27.8\" preserveAspectRatio=\"none\">\n\t<path class=\"elementor-shape-fill\" d=\"M283.5,9.7c0,0-7.3,4.3-14,4.6c-6.8,0.3-12.6,0-20.9-1.5c-11.3-2-33.1-10.1-44.7-5.7\ts-12.1,4.6-18,7.4c-6.6,3.2-20,9.6-36.6,9.3C131.6,23.5,99.5,7.2,86.3,8c-1.4,0.1-6.6,0.8-10.5,2c-3.8,1.2-9.4,3.8-17,4.7\tc-3.2,0.4-8.3,1.1-14.2,0.9c-1.5-0.1-6.3-0.4-12-1.6c-5.7-1.2-11-3.1-15.8-3.7C6.5,9.2,0,10.8,0,10.8V0h283.5V9.7z M260.8,11.3\tc-0.7-1-2-0.4-4.3-0.4c-2.3,0-6.1-1.2-5.8-1.1c0.3,0.1,3.1,1.5,6,1.9C259.7,12.2,261.4,12.3,260.8,11.3z M242.4,8.6\tc0,0-2.4-0.2-5.6-0.9c-3.2-0.8-10.3-2.8-15.1-3.5c-8.2-1.1-15.8,0-15.1,0.1c0.8,0.1,9.6-0.6,17.6,1.1c3.3,0.7,9.3,2.2,12.4,2.7\tC239.9,8.7,242.4,8.6,242.4,8.6z M185.2,8.5c1.7-0.7-13.3,4.7-18.5,6.1c-2.1,0.6-6.2,1.6-10,2c-3.9,0.4-8.9,0.4-8.8,0.5\tc0,0.2,5.8,0.8,11.2,0c5.4-0.8,5.2-1.1,7.6-1.6C170.5,14.7,183.5,9.2,185.2,8.5z M199.1,6.9c0.2,0-0.8-0.4-4.8,1.1\tc-4,1.5-6.7,3.5-6.9,3.7c-0.2,0.1,3.5-1.8,6.6-3C197,7.5,199,6.9,199.1,6.9z M283,6c-0.1,0.1-1.9,1.1-4.8,2.5s-6.9,2.8-6.7,2.7\tc0.2,0,3.5-0.6,7.4-2.5C282.8,6.8,283.1,5.9,283,6z M31.3,11.6c0.1-0.2-1.9-0.2-4.5-1.2s-5.4-1.6-7.8-2C15,7.6,7.3,8.5,7.7,8.6\tC8,8.7,15.9,8.3,20.2,9.3c2.2,0.5,2.4,0.5,5.7,1.6S31.2,11.9,31.3,11.6z M73,9.2c0.4-0.1,3.5-1.6,8.4-2.6c4.9-1.1,8.9-0.5,8.9-0.8\tc0-0.3-1-0.9-6.2-0.3S72.6,9.3,73,9.2z M71.6,6.7C71.8,6.8,75,5.4,77.3,5c2.3-0.3,1.9-0.5,1.9-0.6c0-0.1-1.1-0.2-2.7,0.2\tC74.8,5.1,71.4,6.6,71.6,6.7z M93.6,4.4c0.1,0.2,3.5,0.8,5.6,1.8c2.1,1,1.8,0.6,1.9,0.5c0.1-0.1-0.8-0.8-2.4-1.3\tC97.1,4.8,93.5,4.2,93.6,4.4z M65.4,11.1c-0.1,0.3,0.3,0.5,1.9-0.2s2.6-1.3,2.2-1.2s-0.9,0.4-2.5,0.8C65.3,10.9,65.5,10.8,65.4,11.1\tz M34.5,12.4c-0.2,0,2.1,0.8,3.3,0.9c1.2,0.1,2,0.1,2-0.2c0-0.3-0.1-0.5-1.6-0.4C36.6,12.8,34.7,12.4,34.5,12.4z M152.2,21.1\tc-0.1,0.1-2.4-0.3-7.5-0.3c-5,0-13.6-2.4-17.2-3.5c-3.6-1.1,10,3.9,16.5,4.1C150.5,21.6,152.3,21,152.2,21.1z\"\/>\n\t<path class=\"elementor-shape-fill\" d=\"M269.6,18c-0.1-0.1-4.6,0.3-7.2,0c-7.3-0.7-17-3.2-16.6-2.9c0.4,0.3,13.7,3.1,17,3.3\tC267.7,18.8,269.7,18,269.6,18z\"\/>\n\t<path class=\"elementor-shape-fill\" d=\"M227.4,9.8c-0.2-0.1-4.5-1-9.5-1.2c-5-0.2-12.7,0.6-12.3,0.5c0.3-0.1,5.9-1.8,13.3-1.2\tS227.6,9.9,227.4,9.8z\"\/>\n\t<path class=\"elementor-shape-fill\" d=\"M204.5,13.4c-0.1-0.1,2-1,3.2-1.1c1.2-0.1,2,0,2,0.3c0,0.3-0.1,0.5-1.6,0.4\tC206.4,12.9,204.6,13.5,204.5,13.4z\"\/>\n\t<path class=\"elementor-shape-fill\" d=\"M201,10.6c0-0.1-4.4,1.2-6.3,2.2c-1.9,0.9-6.2,3.1-6.1,3.1c0.1,0.1,4.2-1.6,6.3-2.6\tS201,10.7,201,10.6z\"\/>\n\t<path class=\"elementor-shape-fill\" d=\"M154.5,26.7c-0.1-0.1-4.6,0.3-7.2,0c-7.3-0.7-17-3.2-16.6-2.9c0.4,0.3,13.7,3.1,17,3.3\tC152.6,27.5,154.6,26.8,154.5,26.7z\"\/>\n\t<path class=\"elementor-shape-fill\" d=\"M41.9,19.3c0,0,1.2-0.3,2.9-0.1c1.7,0.2,5.8,0.9,8.2,0.7c4.2-0.4,7.4-2.7,7-2.6\tc-0.4,0-4.3,2.2-8.6,1.9c-1.8-0.1-5.1-0.5-6.7-0.4S41.9,19.3,41.9,19.3z\"\/>\n\t<path class=\"elementor-shape-fill\" d=\"M75.5,12.6c0.2,0.1,2-0.8,4.3-1.1c2.3-0.2,2.1-0.3,2.1-0.5c0-0.1-1.8-0.4-3.4,0\tC76.9,11.5,75.3,12.5,75.5,12.6z\"\/>\n\t<path class=\"elementor-shape-fill\" d=\"M15.6,13.2c0-0.1,4.3,0,6.7,0.5c2.4,0.5,5,1.9,5,2c0,0.1-2.7-0.8-5.1-1.4\tC19.9,13.7,15.7,13.3,15.6,13.2z\"\/>\n<\/svg>\t\t<\/div>\n\t\t\t\t\t<div class=\"elementor-container elementor-column-gap-default\">\n\t\t\t\t\t<div class=\"elementor-column elementor-col-100 elementor-top-column elementor-element elementor-element-bc4e06c\" data-id=\"bc4e06c\" data-element_type=\"column\">\n\t\t\t<div class=\"elementor-widget-wrap elementor-element-populated\">\n\t\t\t\t\t\t<div class=\"elementor-element elementor-element-959c8f4 elementor-widget elementor-widget-heading\" data-id=\"959c8f4\" data-element_type=\"widget\" data-widget_type=\"heading.default\">\n\t\t\t\t<div class=\"elementor-widget-container\">\n\t\t\t\t\t<h1 class=\"elementor-heading-title elementor-size-default\">Pol\u00edticas de env\u00edo y devoluciones<\/h1>\t\t\t\t<\/div>\n\t\t\t\t<\/div>\n\t\t\t\t\t<\/div>\n\t\t<\/div>\n\t\t\t\t\t<\/div>\n\t\t<\/section>\n\t\t<div class=\"elementor-element elementor-element-a41412f e-flex e-con-boxed e-con e-parent\" data-id=\"a41412f\" data-element_type=\"container\">\n\t\t\t\t\t<div class=\"e-con-inner\">\n\t\t\t\t<div class=\"elementor-element elementor-element-0ae3a1c elementor-widget elementor-widget-text-editor\" data-id=\"0ae3a1c\" data-element_type=\"widget\" data-widget_type=\"text-editor.default\">\n\t\t\t\t<div class=\"elementor-widget-container\">\n\t\t\t\t\t\t\t\t\t<p><strong>1. M\u00e9todos de entrega<\/strong><\/p><p>Le ofrecemos la garant\u00eda de trabajar con compa\u00f1\u00edas de transporte de primer orden (Fedex &amp; Correos) que ofrecen a sus clientes un sistema de seguimiento de sus env\u00edos por Internet, con el cual usted podr\u00e1 conocer el estado del env\u00edo a cualquier hora y desde cualquier lugar.<\/p><p><strong>2. Plazos de expedici\u00f3n de pedidos<\/strong><\/p><p>Los plazos de entrega son plazos medios correspondientes a los plazos de preparaci\u00f3n, fabricaci\u00f3n y de env\u00edo. El plazo de entrega de los pedidos de nuestra tienda online varia de 48 horas a un m\u00e1ximo de 15 d\u00edas h\u00e1biles.<\/p><p>El plazo concreto de cada pedido var\u00eda seg\u00fan el stock disponible en el momento de la recepci\u00f3n del mismo. La mayor\u00eda de nuestros pedidos se preparan en 24-48 horas, pero una minor\u00eda de art\u00edculos deben ser fabricados. El plazo de fabricaci\u00f3n es de un m\u00e1ximo de 15 d\u00edas h\u00e1biles desde la confirmaci\u00f3n del pedido.<\/p><p>En el supuesto que oposwim.es no pueda cumplir con este plazo, el cliente podr\u00e1 proceder a la confirmaci\u00f3n, cambio o anulaci\u00f3n parcial o total del pedido. Si el cliente optase por la anulaci\u00f3n total, se le devolver\u00e1 \u00edntegramente el importe satisfecho en un plazo m\u00e1ximo de tres d\u00edas laborables.<\/p><p>Oposwim se reserva el derecho de efectuar env\u00edos parciales, no suponiendo ning\u00fan cargo adicional para el cliente.<\/p><p>El tr\u00e1nsito del transporte, tiempo que transcurre desde que el pedido sale de nuestros almacenes hasta la entrega, est\u00e1 establecido de uno (Espa\u00f1a peninsular) a cuatro d\u00edas (otros destinos del mundo), dependiendo de la ubicaci\u00f3n.<\/p><p>Oposwim no podr\u00e1 ser considerada responsable del incumplimiento de estos plazos, en caso de fuerza mayor, como huelga total o parcial (especialmente de los medios de transporte), u otras causas similares.<\/p><p><strong>3. Gastos de env\u00edo<\/strong><\/p><p>Las tarifas de cada zona se calcular\u00e1n en base a la situaci\u00f3n geogr\u00e1fica del destinatario y al peso\/volumen del total de los art\u00edculos comprados. Los gastos de env\u00edo aparecen por separado del precio del art\u00edculo y no incluyen impuestos, que ser\u00e1n calculados aparte si corresponde.<\/p><p>Cuando se confirman todos los art\u00edculos de la cesta, la tienda online calcula autom\u00e1ticamente los gastos de env\u00edo. Si usted modifica los art\u00edculos de su cesta o cambia el destino de su pedido los gastos de transporte pueden variar.<\/p><p>Las compa\u00f1\u00edas de transporte habitualmente usadas en nuestros env\u00edos son:<\/p><p>Espa\u00f1a Peninsular: Correos<\/p><p>Espa\u00f1a Baleares: Correos<\/p><p><span style=\"font-size: 16px;\">Espa\u00f1a Canarias, Ceuta y Melilla: Correos<\/span><\/p><p>Resto del mundo*: Correos \/ Fedex<\/p><p>*Env\u00edos a Andorra y Rusia por Correo certificado.<\/p><p>Oposwim se reserva el derecho de cambiar de agencia de transporte, sin que ello suponga un gasto excepcional para el cliente ni perjudique las condiciones de entrega de su pedido<\/p><p><strong>4. Aduanas e impuestos<\/strong><\/p><p><strong>Entregas en la Uni\u00f3n Europea.<\/strong><\/p><p>Los precios de los productos que se encuentran a la venta en la tienda online incluyen el 21% de IVA (art\u00edculos y gastos de env\u00edo).<\/p><p>Los pedidos salen de Canarias y pueden estar sujetos a diversos gastos aduaneros e impuestos propios de su Comunidad Aut\u00f3noma. El pago de estos, si se originaran, corresponder\u00e1 al cliente y ser\u00e1n pagados en el momento de la entrega de la mercanc\u00eda.<\/p><p><strong>Entregas en pa\u00edses extracomunitarios.<\/strong><\/p><p>Los precios de los productos que se encuentran a la venta en la tienda online no incluyen ning\u00fan tipo de impuesto de ning\u00fan pa\u00eds.<\/p><p>Los aranceles y dem\u00e1s gastos aduaneros, si se originaran, correr\u00edan por cuenta del cliente y se pagar\u00e1n en el momento de la entrega de la mercanc\u00eda. Aconsejamos se informen de las condiciones particulares de cada pa\u00eds.<\/p><p>El sistema de compra se somete a la legislaci\u00f3n vigente en Espa\u00f1a, por lo tanto las operaciones de venta se entender\u00e1n realizadas en el domicilio de Carretera de Chile 31, 35019, Las Palmas de Gran Canaria, Espa\u00f1a<\/p><p><strong>5. Precauciones en el momento de la entrega<\/strong><\/p><p>Corresponde al destinatario comprobar los env\u00edos a su llegada, haciendo constar por escrito en el momento de la entrega las observaciones y reclamaciones que estime justificadas (incluso rechazar el paquete) si comprueba que el paquete es susceptible de haber sido abierto o muestra claros indicios de deterioro. Estas observaciones deben ser comunicadas a oposwim.es en el menor plazo posible.<\/p><p><strong>Devoluciones<\/strong><\/p><p>Cualquier art\u00edculo comprado en oposwim.es\u00a0 tiene garant\u00eda total de satisfacci\u00f3n.<\/p><p>Si no queda satisfecho\/a con su compra, puede devolver parte o todo el pedido, comunic\u00e1ndolo antes de 4 d\u00edas naturales a partir de la recepci\u00f3n de la mercanc\u00eda. Una vez recibamos el producto y confirmado su buen estado, le reembolsaremos el importe del art\u00edculo pero no los gastos de env\u00edo abonados en el pedido.<\/p><p>Si usted desea cambiar la talla, color o modelo del art\u00edculo comprado, deber\u00e1 proceder de igual manera. Nosotros, una vez comprobado el buen estado del producto, iniciaremos la producci\u00f3n del nuevo art\u00edculo y se lo reenviaremos lo antes posible sin cargo extra. Los reenv\u00edos se efect\u00faan habitualmente por Correos, si usted elije otro m\u00e9todo deber\u00e1 hacerse cargo de todos los gastos.<\/p><p>En el caso de productos defectuosos o que no correspondan al pedido realizado por el cliente, asumiremos todos los gastos derivados del cambio y posterior env\u00edo del pedido correcto. Al recibir el paquete, se confirmar\u00e1 el buen estado del producto y que efectivamente se trataba de un error por nuestra parte. A continuaci\u00f3n, se proceder\u00e1 al env\u00edo del nuevo producto.<\/p><p>En ning\u00fan caso se admitir\u00e1 el cambio o devoluci\u00f3n de aquellos art\u00edculos usados, manipulados por el cliente o que no lleguen en su envoltorio original. Tampoco se aceptaran devoluciones a portes debidos o contrarrembolsos.<\/p><p>El desgaste o deterioro originado por el uso, el mal uso o el paso del tiempo no ser\u00e1 motivo de cambio.<\/p><p>Para llevar a cabo una devoluci\u00f3n o cambio deber\u00e1 ponerse en contacto con nosotros a trav\u00e9s de \u201cContacto\u201d o bien mandando un email a info@oposwim.es.<\/p><p>Deben dirigir sus paquetes de devoluciones (por correo preferentemente) a:\u00a0<\/p><p>Carretera de Chile 31, 35019, Las Palmas de Gran Canaria, Espa\u00f1a<\/p><p>Una vez recibido el paquete en nuestros almacenes y revisado el contenido, procederemos seg\u00fan las instrucciones indicadas en el formulario de devoluci\u00f3n.<\/p><p>No se admitir\u00e1 ning\u00fan cambio sin previa autorizaci\u00f3n por parte de oposwim.es.<\/p><p><strong>Pol\u00edtica de cancelaci\u00f3n del Retiro de Nataci\u00f3n<\/strong><\/p><p>Entendemos que pueden surgir situaciones imprevistas, por lo que ofrecemos una pol\u00edtica de cancelaci\u00f3n flexible basada en las siguientes condiciones:<\/p><p>Cancelaciones con 15 d\u00edas de anticipaci\u00f3n por enfermedad justificada:<\/p><p>Si necesitas cancelar tu participaci\u00f3n debido a una enfermedad justificada (respaldo con certificado m\u00e9dico), puedes hacerlo hasta 15 d\u00edas antes del 11 de diciembre de 2024.<br \/>En este caso, recibir\u00e1s el 50% del importe total de su reserva.Cancelaciones con 3 d\u00edas de anticipaci\u00f3n:<\/p><p>Si realizas la cancelaci\u00f3n 3 d\u00edas antes del 11 de diciembre de 2024 debido a una enfermedad justificada (certificado m\u00e9dico), podr\u00e1s recibir el 30% del importe total de la reserva.<br \/>Cancelaciones fuera de estos plazos:<\/p><p>Cancelaciones realizadas menos de 3 d\u00edas antes del 11 de diciembre no ser\u00e1n elegibles para reembolso, salvo en circunstancias excepcionales que ser\u00e1n evaluadas de manera individual.<\/p><p>Proceso de cancelaci\u00f3n:<\/p><p>Para proceder con la cancelaci\u00f3n, es necesario enviar una solicitud por escrito a el n\u00famero de tel\u00e9fono +34 722 41 62 03 y adjuntar la documentaci\u00f3n m\u00e9dica que justifique la cancelaci\u00f3n.<\/p><p>Una vez revisada y aprobada la solicitud, se procesar\u00e1 el reembolso correspondiente en un plazo de 7 a 10\u00a0d\u00edas\u00a0h\u00e1biles.<\/p><p><strong>Contenidos e informaci\u00f3n suministrada<\/strong><\/p><p>Oposwim.es se reserva el derecho a modificar la oferta comercial presentada en el Web site (modificaciones sobre productos, precios, promociones y otras condiciones comerciales y de servicio) en cualquier momento.<\/p><p>Hacemos todos los esfuerzos para ofrecer la informaci\u00f3n contenida en la web de forma veraz y sin errores tipogr\u00e1ficos. En el caso que en alg\u00fan momento se produjera alg\u00fan error de este tipo, ajeno en todo momento a la voluntad de turboswim.com, se proceder\u00eda inmediatamente a su correcci\u00f3n. De existir un error tipogr\u00e1fico en alguno de los precios mostrados y alg\u00fan cliente hubiera tomado una decisi\u00f3n de compra basada en dicho error, le comunicaremos al cliente dicho error y tendr\u00e1 el derecho a rescindir su compra sin ning\u00fan coste por su parte.<\/p><p>La web de oposwim.es, as\u00ed como los correos electr\u00f3nicos que usted recibe de oposwim.es contienen material protegido por derechos de autor. Usted acepta que no adquiere la propiedad de este material protegido por el mero hecho de bajar de la web informaci\u00f3n protegida bajo los derechos de autor o copyright. Oposwim es due\u00f1o y posee la propiedad en la selecci\u00f3n, coordinaci\u00f3n, disposici\u00f3n y modificaci\u00f3n del contenido publicado \u00a0en la web, as\u00ed como en sus originales.<\/p><p>Los usuarios de la Web oposwim.es actuar\u00e1n de manera responsable y utilizaran las herramientas que proporciona oposwim.es de manera correcta y legal. Si oposwim.es determina que alguno de los usuarios no est\u00e1 utilizando de manera responsable las herramientas que provee, oposwim.es estar\u00e1 facultado para censurar, editar o bloquear todo tipo de transmisiones de informaci\u00f3n de este usuario o uso del sistema de oposwim.es.<\/p>\t\t\t\t\t\t\t\t<\/div>\n\t\t\t\t<\/div>\n\t\t\t\t\t<\/div>\n\t\t\t\t<\/div>\n\t\t\t\t<\/div>\n\t\t","protected":false},"excerpt":{"rendered":"<p>Pol\u00edticas de env\u00edo y devoluciones 1. M\u00e9todos de entrega Le ofrecemos la garant\u00eda de trabajar con compa\u00f1\u00edas de transporte de [&hellip;]<\/p>\n","protected":false},"author":1,"featured_media":0,"parent":0,"menu_order":0,"comment_status":"closed","ping_status":"closed","template":"","meta":{"_monsterinsights_skip_tracking":false,"_monsterinsights_sitenote_active":false,"_monsterinsights_sitenote_note":"","_monsterinsights_sitenote_category":0,"site-sidebar-layout":"default","site-content-layout":"","ast-site-content-layout":"","site-content-style":"default","site-sidebar-style":"default","ast-global-header-display":"","ast-banner-title-visibility":"","ast-main-header-display":"","ast-hfb-above-header-display":"","ast-hfb-below-header-display":"","ast-hfb-mobile-header-display":"","site-post-title":"","ast-breadcrumbs-content":"","ast-featured-img":"","footer-sml-layout":"","theme-transparent-header-meta":"","adv-header-id-meta":"","stick-header-meta":"","header-above-stick-meta":"","header-main-stick-meta":"","header-below-stick-meta":"","astra-migrate-meta-layouts":"default","ast-page-background-enabled":"default","ast-page-background-meta":{"desktop":{"background-color":"var(--ast-global-color-4)","background-image":"","background-repeat":"repeat","background-position":"center center","background-size":"auto","background-attachment":"scroll","background-type":"","background-media":"","overlay-type":"","overlay-color":"","overlay-opacity":"","overlay-gradient":""},"tablet":{"background-color":"","background-image":"","background-repeat":"repeat","background-position":"center center","background-size":"auto","background-attachment":"scroll","background-type":"","background-media":"","overlay-type":"","overlay-color":"","overlay-opacity":"","overlay-gradient":""},"mobile":{"background-color":"","background-image":"","background-repeat":"repeat","background-position":"center center","background-size":"auto","background-attachment":"scroll","background-type":"","background-media":"","overlay-type":"","overlay-color":"","overlay-opacity":"","overlay-gradient":""}},"ast-content-background-meta":{"desktop":{"background-color":"var(--ast-global-color-5)","background-image":"","background-repeat":"repeat","background-position":"center center","background-size":"auto","background-attachment":"scroll","background-type":"","background-media":"","overlay-type":"","overlay-color":"","overlay-opacity":"","overlay-gradient":""},"tablet":{"background-color":"var(--ast-global-color-5)","background-image":"","background-repeat":"repeat","background-position":"center center","background-size":"auto","background-attachment":"scroll","background-type":"","background-media":"","overlay-type":"","overlay-color":"","overlay-opacity":"","overlay-gradient":""},"mobile":{"background-color":"var(--ast-global-color-5)","background-image":"","background-repeat":"repeat","background-position":"center center","background-size":"auto","background-attachment":"scroll","background-type":"","background-media":"","overlay-type":"","overlay-color":"","overlay-opacity":"","overlay-gradient":""}},"footnotes":""},"class_list":["post-388","page","type-page","status-publish","hentry"],"_links":{"self":[{"href":"https:\/\/oposwim.es\/index.php\/wp-json\/wp\/v2\/pages\/388"}],"collection":[{"href":"https:\/\/oposwim.es\/index.php\/wp-json\/wp\/v2\/pages"}],"about":[{"href":"https:\/\/oposwim.es\/index.php\/wp-json\/wp\/v2\/types\/page"}],"author":[{"embeddable":true,"href":"https:\/\/oposwim.es\/index.php\/wp-json\/wp\/v2\/users\/1"}],"replies":[{"embeddable":true,"href":"https:\/\/oposwim.es\/index.php\/wp-json\/wp\/v2\/comments?post=388"}],"version-history":[{"count":17,"href":"https:\/\/oposwim.es\/index.php\/wp-json\/wp\/v2\/pages\/388\/revisions"}],"predecessor-version":[{"id":1226,"href":"https:\/\/oposwim.es\/index.php\/wp-json\/wp\/v2\/pages\/388\/revisions\/1226"}],"wp:attachment":[{"href":"https:\/\/oposwim.es\/index.php\/wp-json\/wp\/v2\/media?parent=388"}],"curies":[{"name":"wp","href":"https:\/\/api.w.org\/{rel}","templated":true}]}}